0*n - 17. What is c(-6)?
859
Let k(y) = y**3 + 39*y**2 + 102*y - 215. Calculate k(-36).
1
Let a(y) = -117*y - 4147. Determine a(-35).
-52
Let k(r) = r**3 - 9*r**2 - 10*r + 6. Calculate k(10).
6
Let q(j) = -224*j + 211. Give q(1).
-13
Let v(k) = -2*k**2 - 258*k - 262. Determine v(-1).
-6
Let h(s) = 1133*s - 1140. Give h(1).
-7
Let j(a) = 4*a**3 - 14*a**2 - 37*a - 7. Give j(6).
131
Let v(j) = -j**3 + 11*j**2 + 100*j - 1057. Give v(12).
-1
Let d(u) = -u**2 + 29*u - 202. What is d(9)?
-22
Let t(b) = -b**3 - 3*b**2 + 48*b + 1. Give t(6).
-35
Let u(j) = -2*j**2 - 3204*j - 100480. Give u(-32).
0
Let t(n) = -n**3 - 17*n**2 - 69*n - 1. What is t(-6)?
17
Let u(f) = -4*f**2 + 44*f + 144. Determine u(-3).
-24
Let q(m) = m**3 - 140*m**2 + 4*m - 565. Determine q(140).
-5
Let r(i) = i**3 - 27*i**2 + 97*i - 119. Determine r(23).
-4
Let k(m) = 3*m**2 - 4050*m + 24212. Determine k(6).
20
Let w(u) = 2*u - 73. Determine w(28).
-17
Let r(o) = 8*o**2 + 9*o - 16. Give r(6).
326
Let d(f) = -f**2 + 40*f + 896. Give d(-15).
71
Let x(t) = 2*t**3 - 15*t**2 + 50*t - 81. Determine x(4).
7
Let f(x) = 3314*x + 79533. Calculate f(-24).
-3
Let q(a) = -a**3 - 8*a**2 + 158*a + 828. Determine q(-5).
-37
Let k(u) = 2*u**2 + 22*u + 24. Determine k(-8).
-24
Let c(x) = x**2 - 212*x - 4382. What is c(231)?
7
Let b(l) = 5*l**2 + 22*l + 4. Give b(-6).
52
Let x(c) = c**3 + 14*c**2 - 72*c - 37. Determine x(-18).
-37
Let t(s) = -85*s + 40. What is t(1)?
-45
Let k(w) = -107*w + 73. What is k(1)?
-34
Let f(p) = 181*p - 1259. What is f(7)?
8
Let g(l) = -l**3 + 117*l**2 - 1351*l - 96. Give g(104).
8
Let n(c) = 37*c - 515. Calculate n(14).
3
Let w(t) = 34*t + 1504. Determine w(-43).
42
Let t(x) = x**2 - 117*x + 2681. Calculate t(86).
15
Let y(n) = n**2 - 54*n - 316. Give y(-7).
111
Let s(d) = 6*d**3 + 89*d**2 - 28*d - 196. Calculate s(-15).
-1
Let u(a) = 17*a + 1063. What is u(-52)?
179
Let s(g) = -4*g - 131. Determine s(14).
-187
Let l(w) = w**3 + 23*w**2 + 34*w - 12. Determine l(-22).
-276
Let h(t) = -44*t - 1120. Determine h(-28).
112
Let g(y) = 69*y - 2010. Calculate g(29).
-9
Let p(g) = -15*g**3 - 259*g**2 - 73*g + 28. Calculate p(-17).
113
Let s(o) = o**2 - 139*o - 892. Calculate s(-6).
-22
Let z(c) = -27033*c + 162186. Determine z(6).
-12
Let g(r) = 69*r - 9493. What is g(138)?
29
Let s(a) = -102*a - 429. Determine s(-4).
-21
Let s(w) = 6*w + 11. Calculate s(9).
65
Let n(l) = 2*l**3 - 17*l**2 + 58*l - 90. Determine n(5).
25
Let l(b) = b**3 - 42*b**2 + 185*b - 9. Calculate l(5).
-9
Let v(y) = 58*y + 4884. Give v(-84).
12
Let c(i) = -9*i**3 + 88*i**2 + 21*i + 14. What is c(10)?
24
Let l(n) = 34*n**2 + n + 15. Give l(0).
15
Let h(u) = 8*u**3 + 2*u**2 + u - 3. What is h(3)?
234
Let h(q) = -2*q**3 - 31*q**2 + 52*q + 16. What is h(2)?
-20
Let c(f) = 52*f - 3360. Calculate c(62).
-136
Let h(p) = -28*p + 16. Determine h(-4).
128
Let s(q) = 1166*q - 12825. What is s(11)?
1
Let h(u) = -2*u**2 + 5*u + 73. What is h(9)?
-44
Let m(b) = -12*b**3 - 3*b**2 + 853*b + 857. What is m(-1)?
13
Let j(p) = p**3 + 7*p**2 - 181*p - 173. Calculate j(-17).
14
Let q(i) = i**3 - 12*i**2 + 234*i - 1459. Calculate q(8).
157
Let h(d) = 2*d**2 + 10*d - 81. Calculate h(9).
171
Let i(g) = -25*g - 1541. Give i(-67).
134
Let u(n) = 2*n**2 - 8*n - 21. Calculate u(-3).
21
Let t(j) = -j**3 - 133*j**2 - 3643*j + 2162. Determine t(-94).
0
Let o(k) = 71*k + 7064. Give o(-99).
35
Let l(c) = -c**3 + 33*c**2 - 26*c - 113. What is l(31)?
1003
Let w(u) = -49*u**2 - 4*u - 13. What is w(-3)?
-442
Let u(r) = -10*r**2 - 68*r - 413. Calculate u(-11).
-875
Let p(k) = k**2 - 169*k + 3865. Give p(142).
31
Let h(f) = f**2 + f - 426. What is h(-21)?
-6
Let l(g) = -g**2 + 15*g + 124. Give l(-6).
-2
Let g(d) = 90*d - 421. Determine g(5).
29
Let r(y) = -2*y**3 + 267*y**2 - 197*y + 8507. Give r(133).
-5
Let k(r) = -24*r**2 + 131*r + 5. Calculate k(9).
-760
Let o(t) = 2*t**3 - 15*t**2 - 11*t + 116. Calculate o(6).
-58
Let l(q) = 26*q**3 - 99*q**2 - 128*q + 441. Give l(4).
9
Let f(k) = -2*k**3 + 24*k**2 - 35*k + 9. Determine f(10).
59
Let r(x) = 25*x + 454. Determine r(-18).
4
Let m(d) = 10*d + 464. Calculate m(-25).
214
Let z(s) = 2*s**3 + 55*s**2 + 45*s + 417. Give z(-27).
-69
Let v(k) = 29*k + 426. Give v(-12).
78
Let z(x) = x**2 + 750*x - 6056. Calculate z(8).
8
Let z(j) = -j**3 + 7*j**2 - 54*j + 207. Calculate z(5).
-13
Let d(s) = -s**3 + 41*s**2 - 146*s - 81. What is d(37)?
-7
Let w(v) = -v**3 + 5*v**2 + 697*v - 2796. Calculate w(4).
8
Let w(l) = -36*l + 4667. Determine w(129).
23
Let k(b) = 164*b**2 + 1649*b + 83. What is k(-10)?
-7
Let y(w) = -w**2 - 171*w + 4908. Give y(-196).
8
Let u(y) = 35*y + 53. Calculate u(-2).
-17
Let k(h) = 34*h**2 - 176*h + 41. Determine k(5).
11
Let g(p) = -7*p**2 + 96*p + 33. What is g(14)?
5
Let q(c) = -8953*c - 53713. Determine q(-6).
5
Let z(o) = -46*o - 1519. What is z(-33)?
-1
Let b(q) = q**2 - 956*q + 8506. What is b(9)?
-17
Let q(z) = 2*z**2 + 70*z + 44. What is q(-35)?
44
Let q(f) = -6*f**2 - 354*f - 8. What is q(-59)?
-8
Let x(u) = u**3 - 15*u**2 + 10*u - 149. Calculate x(15).
1
Let f(i) = 147*i - 438. Give f(3).
3
Let g(q) = -207*q + 80. What is g(1)?
-127
Let z(n) = n**3 - 164*n**2 + 3242*n + 137. What is z(141)?
-4
Let t(m) = m**3 + 56*m**2 + 148*m + 8248. Calculate t(-56).
-40
Let l(m) = 486*m + 2228. Give l(-4).
284
Let y(g) = 20*g**2 + 213*g - 2480. Give y(7).
-9
Let o(v) = -v**3 - 32*v**2 - 255*v + 28. What is o(-16)?
12
Let c(k) = -22*k + 3342. Determine c(152).
-2
Let o(r) = -20*r + 157. Calculate o(7).
17
Let t(c) = -c**3 - 2*c**2 + 92*c + 73. What is t(-10)?
-47
Let m(v) = -170*v**2 - 512*v + 8. Determine m(-3).
14
Let s(k) = -k**2 - 62*k - 668. What is s(-51)?
-107
Let a(v) = 333*v + 4356. Determine a(-13).
27
Let o(h) = 9*h**2 + 18*h - 7. Calculate o(-3).
20
Let m(l) = -338*l + 3766. What is m(11)?
48
Let m(l) = 15*l**3 - l**2 + 83*l + 84. Give m(-1).
-15
Let b(j) = -34*j + 4288. Give b(126).
4
Let l(j) = 21*j**2 + 116*j - 66. Give l(-6).
-6
Let l(w) = -w**3 - 64*w**2 + 145*w + 878. Determine l(-66).
20
Let c(h) = -h**2 + 49*h - 506. Calculate c(9).
-146
Let h(g) = -g**3 + 69*g**2 - 66*g - 357. Calculate h(68).
-221
Let p(w) = 91*w - 88. Calculate p(1).
3
Let l(g) = g**2 + 11*g - 25. Give l(-15).
35
Let t(s) = -s**3 + 3*s**2 - 45*s + 3. Give t(0).
3
Let x(q) = 4*q**3 + 11*q**2 + 16*q - 20. What is x(5)?
835
Let b(o) = -75*o**2 - 46*o - 47. What is b(-1)?
-76
Let j(u) = -5*u + 155. Give j(28).
15
Let v(g) = g**2 + 1339*g + 4006. What is v(-3)?
-2
Let w(v) = 6*v**2 + 76*v + 46. What is w(-12)?
-2
Let v(d) = -2*d**2 - 61*d + 86. Determine v(-23).
431
Let y(d) = 36*d**2 - d + 4. Calculate y(1).
39
Let v(h) = h**3 - 13*h**2 - 61*h + 27. Calculate v(16).
-181
Let r(s) = -4*s**2 - 15*s + 95. Calculate r(-6).
41
Let v(c) = -16*c**2 - 187*c - 375. Give v(-2).
-65
Let v(q) = q**3 + 15*q**2 + 12*q - 789. What is v(0)?
-789
Let v(z) = z + 49. What is v(4)?
53
Let j(s) = -107*s - 594. Give j(-8).
262
Let o(g) = g**3 - 19*g**2 - 97*g + 101. Give o(23).
-14
Let v(p) = -p**2 - 18*p + 125. What is v(-21)?
62
Let y(v) = 805*v + 8842. What is y(-11)?
-13
Let f(v) = 2*v**3 - 57*v**2 - 27*v + 258. Determine f(29).
316
Let h(k) = 192*k - 1579. Calculate h(8).
-43
Let g(p) = -p**3 - 87*p**2 - 964*p - 32. What is g(-13)?
-6
Let c(d) = -3*d**3 + 24*d**2 + d + 11. Determine c(9).
-223
Let n(p) = 53*p + 901. Determine n(-17).
0
Let q(m) = -36*m**2 + 11*m + 38. What is q(-3)?
-319
Let a(b) = b**2 + 17*b + 97. What is a(-14)?
55
Let n(s) = s**3 - 121*s**2 + 123*s - 232. Determine n(120).
128
Let q(l) = -l**3 + 20*l**2 - 67*l - 363. Calculate q(11).
-11
Let i(b) = -b + 255. What is i(-9)?
264
Let a(o) = 23*o - 239. Calculate a(9).
-32
Let h(x) = -x**3 + 44*x**2 + 140*x - 3. What is h(-3)?
0
Let q(j) = -8*j**3 - 26*j**2 + 13. Determine q(-3).
-5
Let x(w) = -w**3 + 7*w**2 + 2*w + 1. What is x(9)?
-143
Let w(n) = -2*n + 20. Determine w(17).
-14
Let t(n) = 2*n**3 - 17*n**2 - 142*n + 1197. Calculate t(9).
0
Let f(n) = -n**2 - 11*n + 112. Determine f(-17).
10
Let b(y) = 2*y**2 - 16*y - 6. Determine b(8).
-6
Let c(b) = 7*b**2 - 45*b + 64. Calculate c(6).
46
Let d(a) = 2756*a + 5433. Give d(-2).
-79
Let y(q) = q**3 - 2*q**2 - 112*q - 27. Give y(12).
69
Let t(k) = -100*k - 1133. Give t(-11).
-33
Let m(y) = 5717*y + 28582. Wha